What is the remainder when 55689 is divided by 55469?
220
Calculate the remainder when 65463 is divided by 3890.
3223
What is the remainder when 43472 is divided by 43456?
16
What is the remainder when 782240 is divided by 15961?
151
Calculate the remainder when 5009641 is divided by 19047.
280
What is the remainder when 3014463 is divided by 1207?
584
What is the remainder when 1373808 is divided by 1065?
1023
What is the remainder when 47504012 is divided by 2049?
2045
What is the remainder when 7739906 is divided by 30?
26
What is the remainder when 13581271 is divided by 1044696?
223
Calculate the remainder when 11141099 is divided by 106.
75
Calculate the remainder when 2418454 is divided by 24926.
632
What is the remainder when 121718 is divided by 121078?
640
Calculate the remainder when 20925 is divided by 3905.
1400
Calculate the remainder when 273108078 is divided by 4690.
4688
Calculate the remainder when 514986 is divided by 54.
42
What is the remainder when 143387 is divided by 142253?
1134
Calculate the remainder when 28689463 is divided by 421.
418
What is the remainder when 19386228 is divided by 76?
72
Calculate the remainder when 159090 is divided by 195.
165
What is the remainder when 472116 is divided by 2306?
1692
What is the remainder when 93319 is divided by 1067?
490
Calculate the remainder when 2017579 is divided by 36.
31
Calculate the remainder when 4420227 is divided by 1105044.
51
What is the remainder when 47966746 is divided by 53?
50
What is the remainder when 134698 is divided by 64380?
5938
Calculate the remainder when 12466 is divided by 2841.
1102
Calculate the remainder when 19556381 is divided by 426.
425
Calculate the remainder when 121890 is divided by 635.
605
What is the remainder when 217711 is divided by 42834?
3541
Calculate the remainder when 70394 is divided by 386.
142
Calculate the remainder when 2246892 is divided by 449189.
947
Calculate the remainder when 147844 is divided by 36952.
36
What is the remainder when 98849 is divided by 16397?
467
Calculate the remainder when 1260542 is divided by 105045.
2
What is the remainder when 139516 is divided by 3127?
1928
What is the remainder when 117024 is divided by 128?
32
Calculate the remainder when 273954 is divided by 24849.
615
What is the remainder when 245455 is divided by 24222?
3235
Calculate the remainder when 969961 is divided by 5.
1
Calculate the remainder when 2037269 is divided by 679087.
8
What is the remainder when 2688855 is divided by 296?
287
Calculate the remainder when 5977893 is divided by 13.
12
What is the remainder when 1014569896 is divided by 507284945?
6
What is the remainder when 11578543 is divided by 346?
345
What is the remainder when 134864727 is divided by 286?
283
Calculate the remainder when 3227998 is divided by 641.
563
What is the remainder when 229371 is divided by 2206?
2153
What is the remainder when 1034450 is divided by 9592?
8106
Calculate the remainder when 3516391 is divided by 188.
39
Calculate the remainder when 64376290 is divided by 34170.
10
What is the remainder when 5565605 is divided by 2455?
120
What is the remainder when 715258 is divided by 80?
58
What is the remainder when 183501 is divided by 35411?
6446
What is the remainder when 173951 is divided by 15813?
8
Calculate the remainder when 2121076 is divided by 2121064.
12
What is the remainder when 3444430 is divided by 287030?
70
What is the remainder when 3294586 is divided by 219610?
436
Calculate the remainder when 101596 is divided by 740.
216
Calculate the remainder when 151641 is divided by 59.
11
Calculate the remainder when 111715 is divided by 2940.
2935
What is the remainder when 46978277 is divided by 5606?
5603
What is the remainder when 5251506 is divided by 13096?
10
What is the remainder when 366546 is divided by 366342?
204
Calculate the remainder when 1106262 is divided by 368734.
60
Calculate the remainder when 542146 is divided by 180715.
1
Calculate the remainder when 251382 is divided by 3552.
2742
What is the remainder when 118139862 is divided by 1163?
1159
What is the remainder when 15481088 is divided by 921?
920
Calculate the remainder when 628594 is divided by 8381.
19
What is the remainder when 1331037 is divided by 88733?
42
What is the remainder when 109468 is divided by 4745?
333
Calculate the remainder when 12354944 is divided by 152530.
14
What is the remainder when 40368632 is divided by 62?
60
What is the remainder when 84884640 is divided by 548?
536
What is the remainder when 2056149 is divided by 1475?
1474
What is the remainder when 642029 is divided by 5?
4
What is the remainder when 182062 is divided by 702?
244
Calculate the remainder when 360822 is divided by 180063.
696
Calculate the remainder when 124515 is divided by 122781.
1734
Calculate the remainder when 112936 is divided by 747.
139
Calculate the remainder when 8982668 is divided by 110897.
11
Calculate the remainder when 235683 is divided by 257.
14
What is the remainder when 27903440 is divided by 216?
128
Calculate the remainder when 76643 is divided by 75.
68
Calculate the remainder when 1084309 is divided by 216850.
59
Calculate the remainder when 97179 is divided by 20.
19
What is the remainder when 4274461 is divided by 566?
29
What is the remainder when 2188403 is divided by 828?
827
What is the remainder when 1647499 is divided by 136?
131
Calculate the remainder when 34040113 is divided by 6028.
6025
Calculate the remainder when 31517547 is divided by 1575877.
7
What is the remainder when 206184 is divided by 48?
24
Calculate the remainder when 396980 is divided by 816.
404
Calculate the remainder when 240369 is divided by 75.
69
Calculate the remainder when 20723105 is divided by 11.
7
What is the remainder when 429535 is divided by 7?
1
Calculate the remainder when 2910713 is divided by 34243.
58
What is the remainder when 4558839 is divided by 5128?
47
Calculate the remainder when 1467554 is divided by 133404.
110
What is the remainder when 7240 is divided by 3546?
148
What is the remainder when 1360970 is divided by 539?
534
Calculate the remainder when 134227161 is divided by 44742378.
27
What is the remainder when 28297 is divided by 4663?
319
Calculate the remainder when 254216 is divided by 254185.
31
What is the remainder when 16531 is divided by 8100?
331
Calculate the remainder when 3365 is divided by 3103.
262
Calculate the remainder when 106027658 is divided by 1178085.
8
Calculate the remainder when 697851896 is divided by 173.
171
Calculate the remainder when 72321 is divided by 71149.
1172
Calculate the remainder when 119619 is divided by 5287.
3305
Calculate the remainder when 478440 is divided by 26578.
36
Calculate the remainder when 57382 is divided by 2602.
138
What is the remainder when 144479 is divided by 712?
655
Calculate the remainder when 621444 is divided by 387.
309
Calculate the remainder when 653287 is divided by 757.
753
Calculate the remainder when 27786656 is divided by 223.
187
Calculate the remainder when 1049179 is divided by 4388.
447
Calculate the remainder when 11671996 is divided by 416857.
0
Calculate the remainder when 744676 is divided by 2313.
2203
Calculate the remainder when 108162774 is divided by 7725911.
20
Calculate the remainder when 166585 is divided by 55475.
160
What is the remainder when 300080582 is divided by 56?
46
What is the remainder when 8615585 is divided by 63?
20
What is the remainder when 110268 is divided by 477?
81
What is the remainder when 202894 is divided by 750?
394
Calculate the remainder when 3968509 is divided by 131.
126
Calculate the remainder when 29033639 is divided by 2987.
2986
What is the remainder when 46258661 is divided by 1877?
1873
Calculate the remainder when 591706 is divided by 82.
76
What is the remainder when 2719899 is divided by 453315?
9
What is the remainder when 812765 is divided by 6449?
191
What is the remainder when 1940509 is divided by 1201?
894
Calculate the remainder when 3640 is divided by 281.
268
What is the remainder when 4707891 is divided by 695?
656
What is the remainder when 231983 is divided by 288?
143
What is the remainder when 1846741 is divided by 17?
14
What is the remainder when 25224045 is divided by 398